+ 10*v + 23. Let p be z(8). Let o = -216 + p. Let f = o - 44. Calculate the highest common divisor of 9 and f.
9
Let x(r) = -r**3 + 7*r**2 + 2*r - 12. Let n be (-5)/7 + 1 + 376/56. Let y be x(n). Suppose 5*m + y*m = 21. Calculate the highest common divisor of 3 and m.
3
Suppose 5*p - u - 71 = 0, 3*u + 33 = 3*p - 0*u. Suppose -960 = -11*r - r. Calculate the highest common divisor of r and p.
5
Let l be 29/261 + (-645)/(-27). What is the highest common divisor of 4980 and l?
12
Let n be (-3)/(-2)*350/21. Let a(b) = b**3 + 5*b**2 + 2*b + 2. Let m be a(-5). Let z be 4 - 5 - (m - 3). What is the highest common divisor of n and z?
5
Let a = 53 + 10. Let t = -2 + -6. Let j = t + 29. What is the highest common factor of j and a?
21
Let i(u) = -u**3 + 9*u**2 - 5*u + 12. Let d be i(8). Let a(x) = x**2 + 2*x - 3. Let w be a(9). What is the greatest common factor of d and w?
12
Let k = 2387 - 2379. Let x be 3 - (-6)/2*(-679)/(-21). Calculate the highest common divisor of x and k.
4
Suppose 6*j = -17*j - 101*j + 9300. Calculate the greatest common divisor of j and 7845.
15
Let a = 4655 - 4622. Let y be 10*(-2)/((-4)/(-5)). Let g = y + a. What is the greatest common factor of 32 and g?
8
Suppose 4*x + 23 = -l - 19, l + 5*x + 41 = 0. Let a = 56 + l. Suppose q - 3*z - 45 = 0, 3*q - 2*z + a - 180 = 0. What is the greatest common factor of q and 5?
5
Let m be 30*(2 - 60/25). Let j(l) = 3*l**2 + 36*l + 21. Let w be j(m). What is the greatest common divisor of w and 399?
21
Let g = -26517 - -26550. Calculate the highest common factor of 10021 and g.
11
Suppose -4*d = -10*d + 24. Suppose -d*p = 4*v - 84, -15*v = -13*v - 3*p - 47. Calculate the greatest common factor of 704 and v.
22
Let w(r) = r**3 + 12*r**2 - 27*r + 6. Let p be w(3). Calculate the greatest common factor of 1605 and p.
15
Suppose -38*o + 456 + 191 - 77 = 0. What is the highest common divisor of 5 and o?
5
Let u(b) = 16*b + 581. Let h be u(3). Calculate the greatest common factor of 17 and h.
17
Suppose 2*h + 63 = -7*h. Let p(y) = y**3 - 137*y**2 - 7*y - 2*y + 0*y - 4 + 143*y**2. Let j be p(h). What is the highest common factor of 30 and j?
10
Let l = 5 + -7. Let o = l + 6. Let v be (-1 - 140/(-65)) + -11*4/286. Calculate the greatest common divisor of v and o.
1
Suppose -1942 = -2*p - 2*f, f - 4854 = -5*p - 3*f. Let k = p + -497. Calculate the highest common factor of 43 and k.
43
Let s(p) = -p + 2. Let a(o) = 4*o**2 + 17*o + 21. Let q(n) = a(n) + 6*s(n). Let i be q(-3). Calculate the greatest common divisor of i and 468.
36
Suppose 7*f - 7 = 21. Suppose 2*h - f*h + 938 = 0. Suppose -h = -12*y + 155. Calculate the greatest common factor of 13 and y.
13
Let x = 194 - 199. Let q be 2/(((-5)/x)/6). What is the greatest common divisor of 52 and q?
4
Let y be (4/2 - -25) + 7/(17 - 10). Suppose -3*w + 4*v = -24, 0*w - 5*v - 31 = -4*w. What is the greatest common divisor of w and y?
4
Suppose 3676 = 2*r + 5*t - 7700, 4*r - 22668 = 4*t. What is the highest common factor of 1023 and r?
93
Let k = 42 - 42. Suppose k = 3*b + 5*t - 25 - 27, -3*b - 3*t + 48 = 0. Suppose 6*w = w + 630. What is the highest common factor of b and w?
14
Let h(q) = 24*q + 286. Let l be h(-7). Suppose 5*r = -2*z + l, -r + 13*z + 31 = 6*z. Calculate the highest common divisor of 1536 and r.
24
Let c(u) = -2 + u + 2*u**2 + 1 + 0. Let q be c(1). Let g(w) = 256*w - 990. Let z be g(4). Calculate the highest common divisor of q and z.
2
Suppose -4*b + 3 = -1, 0 = 3*s - 4*b - 311. Let g be ((-333)/4)/((s/56)/(-15)). What is the greatest common factor of 18 and g?
18
Suppose -4 = -4*p, 44*a = 43*a - p + 151. Calculate the highest common factor of 1025 and a.
25
Suppose 0 = 125*u - 2*u - 23124. Calculate the greatest common factor of u and 6674.
94
Let n = -1653 + 1683. Let y be (1 + -2)*1 - 7. Let m be (-12)/(-1) + 16/y. What is the greatest common divisor of n and m?
10
Let z = -96 + 221. Suppose -o - 2 = -2*p, 3*p + 10 = 2*o + 6*p. Suppose o*m = 60 + 40. What is the highest common divisor of m and z?
25
Let l be ((-3168)/(-30))/((-36)/(-270)). Let z(u) = 2*u**2 + 15*u - 5. Let j be z(-11). Calculate the greatest common divisor of l and j.
72
Let p be (175/5 - -8) + (-4 - -1). Let t(j) = -3*j. Let h be t(-8). Calculate the highest common factor of h and p.
8
Suppose 56*h = -48*h + 166400. What is the greatest common factor of h and 175?
25
Let q = 41 - -200. Let z = q + -221. What is the greatest common factor of z and 90?
10
Let y(t) = -t**3 - 44*t**2 - 20*t - 808. Let j be y(-44). What is the highest common divisor of 408 and j?
24
Suppose 0 = 5*w - 9*w + 476. Let m(c) = -2*c**2 + 32*c - 28. Let t be m(13). Let g = w - t. What is the highest common factor of 46 and g?
23
Suppose -3*w + 860 = 4*r - 8*w, 3*r - 622 = -2*w. What is the greatest common factor of 84 and r?
42
Suppose 364 = -10*r + 994. Let u = r + -18. Let v be (-54)/4*(-4)/3. Calculate the greatest common factor of v and u.
9
Let r = -27 - -28. Suppose 3*k = -2*k + 4*y - 139, r = y. Let v = 28 + k. Calculate the highest common divisor of 1 and v.
1
Let f = 2778 + -2708. Calculate the highest common divisor of f and 30.
10
Let f = 16328 - 6736. Calculate the highest common factor of 8 and f.
8
Let n(y) = 23*y**2 - 56*y - 2. Let p be n(3). Suppose -58*o + 11529 = -p*o. Calculate the highest common factor of o and 122.
61
Let b be 7 + -9 + (17 - -3). Suppose 0*u = 5*u. Suppose u = -2*w + 214 - 70. Calculate the greatest common divisor of b and w.
18
Let j be (-2)/(80/(-32)*4/15). Suppose j*p = -p + 116. Calculate the greatest common divisor of 58 and p.
29
Let t = -370 + 453. Let z be 7 + -7 + t + -3. What is the greatest common divisor of 60 and z?
20
Let x(g) = 5*g**2 - g + 2. Let r(h) = 2*h**3 + 2*h**2 - h. Let u be r(1). Let q be x(u). Let z = 6889 + -6779. What is the greatest common divisor of q and z?
22
Let b be (-4 - (-55)/(-66) - (-3)/(-18)) + 20889. Calculate the highest common divisor of 92 and b.
92
Let c be (-4 + 96/20)*5. Suppose -c*w - 26 = -5*w - 2*z, -3*w = -4*z - 58. Let y = 71 - w. Calculate the highest common factor of 14 and y.
7
Let s be (10/3)/(1/3). Let m be 182/(-35)*(-5)/4*2. Suppose m*x = 20*x - 14. Calculate the greatest common divisor of s and x.
2
Let q = -36 - -50. Suppose 2*r - 4*r + 5*c = -3, -2*r + 18 = -2*c. Calculate the highest common factor of q and r.
14
Let p(u) = u**3 - 22*u**2 - 162*u - 91. Let y be p(28). Calculate the highest common factor of 21 and y.
7
Let o be 12/(-40)*315/378 - (-4586)/8. Calculate the highest common divisor of 6 and o.
3
Suppose 0 = 9*t - 54, 7052 = 4*s + 2*t. What is the highest common factor of 1045 and s?
55
Let m = -2163 - -2178. Calculate the highest common divisor of m and 132.
3
Let x(t) = 4*t**3 + 32*t**2 + 17*t + 5. Let c be x(-8). Let v = -107 - c. Calculate the highest common factor of v and 3.
3
Suppose -37*k - 6 + 6 = 0. Suppose 400 = j + 8*f, k = -3*f - 5 - 4. Calculate the greatest common factor of j and 8.
8
Let z = -1372 + 1392. Calculate the greatest common divisor of z and 290.
10
Suppose -9*m = 13*m + 264. Let i be m/(-8)*-4 - -94. What is the greatest common factor of i and 8?
8
Suppose 5*w + 92 = 4*a, -4*w + 30 = a - 14. Suppose 0 = 2*j + 4*q - a, 15*q + 18 = 2*j + 17*q. What is the greatest common divisor of j and 172?
4
Let k(w) = 7*w**3 + 3*w**2 + w - 5. Let p be k(4). Let a be ((-678)/(-24) - 26)*20. Calculate the greatest common factor of a and p.
45
Suppose -o = 16 - 141. Suppose -5*z - 2*h + 113 = 0, 2*z + 3*z - o = -5*h. What is the highest common factor of 6 and z?
3
Let q = -660 - -658. Let o(k) = -19*k - 14. Let g be o(q). Calculate the greatest common factor of g and 120.
24
Let z = 6640 + -6395. Calculate the greatest common divisor of z and 1421.
49
Let t(w) = -15*w - 95. Let x(g) = 5*g. Let a(p) = -t(p) - 5*x(p). Let m be a(8). Calculate the greatest common factor of 135 and m.
15
Let n(j) = 7*j + 150. Let v be n(-6). What is the highest common factor of 180 and v?
36
Let b be -9 + 159/18 + (-314)/(-12). What is the highest common divisor of b and 247?
13
Let l be 10/(-4)*(-10)/25. Suppose 2*x = l + 25. Let n = -22825 - -22864. Calculate the highest common factor of n and x.
13
Let d be (-15 - 2457)*2*(-2)/8. Calculate the greatest common factor of 12 and d.
12
Let r(t) =